{"id":192,"date":"2021-03-04T22:54:57","date_gmt":"2021-03-04T21:54:57","guid":{"rendered":"http:\/\/www.sculpturejardin.com\/?page_id=192"},"modified":"2021-03-04T23:03:39","modified_gmt":"2021-03-04T22:03:39","slug":"le-jardin","status":"publish","type":"page","link":"http:\/\/www.sculpturejardin.com\/index.php\/le-jardin\/","title":{"rendered":"le jardin"},"content":{"rendered":"\n<p>Le besoin de creer des jardins, de faconner la nature en espaces ordonn\u00e9s et sereins, nous relie aux anciennes civilisations : sumer, l\u2019Egypte, la Gr\u00e8ce, Rome. Qu\u2019il soit destin\u00e9 \u00e0 la culture potag\u00e8re, \u00e0 \u00eatre un lieu de contemplation, ou simplement \u00e0 satisfaire le plaisir de cultiver, le jardin est une sc\u00e8ne ou se joue une pi\u00e8ce d\u2019un perpetuel optimiste. Les projets des jardiniers, nourris de promesses, sont souvent contrecarr\u00e9s par l\u2019impr\u00e9visible nature, mais go\u00fbter les couleurs, les odeurs, voir pousser &#8211; en fait, sentir la vie &#8211; est une large r\u00e9compense.<\/p>\n\n\n\n<figure class=\"wp-block-image size-large\"><img loading=\"lazy\" decoding=\"async\" width=\"900\" height=\"712\" src=\"http:\/\/www.sculpturejardin.com\/wp-content\/uploads\/2021\/03\/mpcem-acier-corten-scucession-a.jpg\" alt=\"\" class=\"wp-image-197\" srcset=\"http:\/\/www.sculpturejardin.com\/wp-content\/uploads\/2021\/03\/mpcem-acier-corten-scucession-a.jpg 900w, http:\/\/www.sculpturejardin.com\/wp-content\/uploads\/2021\/03\/mpcem-acier-corten-scucession-a-300x237.jpg 300w, http:\/\/www.sculpturejardin.com\/wp-content\/uploads\/2021\/03\/mpcem-acier-corten-scucession-a-768x608.jpg 768w, http:\/\/www.sculpturejardin.com\/wp-content\/uploads\/2021\/03\/mpcem-acier-corten-scucession-a-508x402.jpg 508w\" sizes=\"auto, (max-width: 900px) 100vw, 900px\" \/><figcaption>OLYMPUS DIGITAL CAMERA<\/figcaption><\/figure>\n\n\n\n<p>Alors que nos maisons \u00e9voluent par \u00e9tapes distinctes et contr\u00f4l\u00e9s, suivant nos moyen et les circonstances, le jardin, lui, est en perpetuel devenir. Les jardins, lieu dynamiques \u00e0 trois dimensions, d\u00e9jouent nos tentativnet pour leur imposezr des desseins finis ; pourtant, cest laque souvent nous trouvons l\u2019harmonie, par leur capacit\u00e9 \u00e0 eveiller en nous toute une gamme d\u2019\u00e9motions. Des enfants qui jouent dehorsdemontrent comment, intuitivement , nous adaptons le paysage naturel. Ils escaladent les arbres, construisent des barrages sur les ruisseaux, am\u00e9nagent des cachettes, observent la lente progression d\u2019une coccinelles le long d\u2019une all\u00e9e.<\/p>\n\n\n\n<p>Les jardins sont un forume o\u00f9 se combienent art, science et nature.<\/p>\n\n\n\n<p>Agencer un espace exterieur, c\u2019est unir les \u00e9l\u00e9ments naturels &#8211; terre , roche, eaux et plantes &#8211; \u00e0 des materiaux tels que la pieere, le bois, lma brique, le b\u00e9ton, le m\u00e9tal et le verre, en \u00e9quilibrant \u00e9chelle et proportion, accent et contraste, rythme et mouvement.<\/p>\n\n\n\n<p>Par l\u00e0, le jardin, objet de nos r\u00eabves et de nos soucis, devient l\u2019expression extraordinaire de notre relation avec le monde naturel.<\/p>\n\n\n\n<p>Ecrivain jardinier britannique James Hibberd (1825-1890)<\/p>\n\n\n\n<p>Il est peut etre vrai, comme nous le croyons souvent, que la forme naturelle d\u2019un arbre soit la plus belle que cet arbre puisse obtenir, mais il peut arriver que nous ne desirions pas la plus belle forme, mais celle de notre propre cr\u00e9ations, de notre ingenuit\u00e9.<\/p>\n\n\n\n<p>Les multiples facettes du jardin se pr\u00eatent particuli\u00e8rement bien \u00e0 la mise en valeur d\u2019oeuvres d\u2019art. Qu\u2019ils soient acquis apur\u00e8s d\u2019artistes confirm\u00e9s, ou cr\u00e9\u00e9s de ses propres mains, ces \u00e9l\u00e9ments sculpt\u00e9s le m\u00e9tal, le bois ou la pierre m\u00e9ritent une place de choix.<\/p>\n\n\n\n<p>Deux possibilit\u00e9s s\u2019offrent alors \u00e0 l\u2019amateur d\u2019art d\u00e9sireux de profiter de ses tresors. La premi\u00e8re consite \u00e0 installer des alc\u00f4ves&nbsp; et des fonds de verdures dans differents points judicieusement choisis pour \u00eatre visibles depuis le plus grand nombre d\u2019endroits du jardin comme de l\u2019habitation.<\/p>\n\n\n\n<p>On choisira par exemple, le point de mire d\u2019une \u00e9chapp\u00e9e sur le paysage , l\u2019axe d\u2019une all\u00e9e ou le centre d\u2019une articulation essentielle de l\u2019am\u00e9nagement . Chaque niche accueillera une oeuvre d\u2019art et toute la difficult\u00e9 reside dans le fait qu\u2019il faut savamment les repartir pour \u00e9viter tout effet de surchage.<\/p>\n\n\n\n<figure class=\"wp-block-image size-large\"><img loading=\"lazy\" decoding=\"async\" width=\"950\" height=\"627\" src=\"http:\/\/www.sculpturejardin.com\/wp-content\/uploads\/2021\/03\/sculpture-au-matin-copie.jpeg\" alt=\"sculptures contemporaines\" class=\"wp-image-194\" srcset=\"http:\/\/www.sculpturejardin.com\/wp-content\/uploads\/2021\/03\/sculpture-au-matin-copie.jpeg 950w, http:\/\/www.sculpturejardin.com\/wp-content\/uploads\/2021\/03\/sculpture-au-matin-copie-300x198.jpeg 300w, http:\/\/www.sculpturejardin.com\/wp-content\/uploads\/2021\/03\/sculpture-au-matin-copie-768x507.jpeg 768w, http:\/\/www.sculpturejardin.com\/wp-content\/uploads\/2021\/03\/sculpture-au-matin-copie-508x335.jpeg 508w\" sizes=\"auto, (max-width: 950px) 100vw, 950px\" \/><figcaption>oeuvres contemporaines<\/figcaption><\/figure>\n\n\n\n<p>La seconde possibilit\u00e9 est plus discr\u00e8te puisque les oeuvres d\u2019art preedront place dans des endroits un peu en retrait des vues principales du jardin?. ainsi, elles ne se devoileront pas au premier coup d\u2019oeil et, pour les d\u00e9couvrir, il faut d\u00e9ambuler dans le jardin.<\/p>\n\n\n\n<p>Dans les deux cas, pensez \u00e0 les fixer sur un socle l\u00e9g\u00e9rement surelev\u00e9 pour ne pas les endommager lors de la tonte de la pelouse et \u00e0 les \u00e9loigner sufisamment des haies et arbustes qui les entourent pour faciliter les interventions comme la taille. Et n\u2019oubliez pas d\u2019\u00e9tablir une \u00e9troite et subtile relation avec les v\u00e9getaux ou les materiaux situ\u00e9s \u00e0 proximit\u00e9. Une harmonie de tons, une analogie d\u2019aspect avec les silhouettes des plantes voisines ou une similitude de mati\u00e8res sont autant de petits d\u00e9tails qui contribueront \u00e0 r\u00e9ussir la mise en valeur de ces \u00e9l\u00e9ments hors du commun.<\/p>\n\n\n\n<p>L\u2019emplacement d\u2019une sculpture est crucial. Votre jardinnest peut-\u00eatre d\u00e9j\u00e0 riche en plantes et autres \u00e9l\u00e9ments qui d\u00e9finissent sa personnalit\u00e9 , or toute sculpture est en interaction avec ce qui l\u2019entoure. Pour que sa silhouette se d\u00e9tache nettement, offrez lui l\u2019arri\u00e8re-plan vert sombre d\u2019une haie d\u2019if ou d\u2019un mur couvert de lierre. En tant que point d\u2019attraction, une sculpture sera plus appr\u00e9ci\u00e9e si elle est isol\u00e9e. Une seule pi\u00e8ce id\u00e9alement situ\u00e9e et choisie avec soin aura toujours plus d\u2019impact qu\u2019une kyrielle d\u2019objets dispos\u00e9s au hasard. En revanche, vous pouvez associer une s\u00e9rie de sculptures pour raconter une histoire .<\/p>\n\n\n\n<p>Un socle sera n\u00e9cessaire selon les cas. Certaines pi\u00e8ces peuvent \u00eatre directement pos\u00e9 sur l\u2019herbe ou le dallage, mais les plus massives auront besoin d\u2019un base sobre et renforc\u00e9e. Choissisez un materiau qui completent la sculpture. La pierre ou le b\u00e9ton lisse conviennent mieux, en g\u00e9n\u00e9ral, qu\u2019une surface d\u00e9cor\u00e9e ou textur\u00e9e car ils sont neutrent.<\/p>\n\n\n\n<p>.<\/p>\n\n\n\n<p>La sculpture est dou\u00e9 d\u2019une vie autonome. Comme tout \u00eatre vivant, sa croissance fut organique. On peut la voir, la toucher, elle modifie l\u2019espace qu\u2019elle occupe et qui l\u2019entoure.<\/p>\n\n\n\n<p>Dans le meilleur des cas, elle poss\u00e8de une \u00e2me qui rayonne autour d\u2019elle et qui rend compte de la fonction magique qui lui a souvent \u00e9t\u00e9 attribu\u00e9e. Le fait qu\u2019elle fasse appel \u00e0 notre sens tactie, profondement enracin\u00e9 dans la psych\u00e9, explique aussi, en partie, la fascination dont elle est l\u2019objet. Cette fascination n\u2019est-elle pas \u00e9galement suscut\u00e9 par l\u2019in\u00e9vitable m\u00e9ditation sur la fuite du temps qu\u2019implique sa contemplation : par l\u2019\u00e9vocation de la lenteur de sa maturation et les r\u00eaveries associ\u00e9es \u00e0 l\u2019anciennet\u00e9 du matriau ?<\/p>\n\n\n\n<p>Le mouvement et la c\u0153nesthesie sont \u00e9galement sollicit\u00e9s par la sculpture qui nous appara\u00eet sous divers aspects au fur et \u00e0 mesure de nos d\u00e9placements autour d\u2019elle. De m\u00eame, des modifications ( naturelles ou non) de son \u00e9clairage nous la font appara\u00eetre sous des aspects aussi vari\u00e9s qu\u2019inattendus.<\/p>\n","protected":false},"excerpt":{"rendered":"<p>Le besoin de creer des jardins, de faconner la nature en espaces ordonn\u00e9s et sereins, nous relie aux anciennes civilisations : sumer, l\u2019Egypte, la Gr\u00e8ce, Rome. Qu\u2019il soit destin\u00e9 \u00e0 la culture potag\u00e8re, \u00e0 \u00eatre un lieu de contemplation, ou simplement \u00e0 satisfaire le plaisir de cultiver, le jardin est une sc\u00e8ne ou se joue [&hellip;]<\/p>\n","protected":false},"author":1,"featured_media":0,"parent":0,"menu_order":0,"comment_status":"closed","ping_status":"closed","template":"","meta":{"footnotes":""},"class_list":["post-192","page","type-page","status-publish","hentry"],"_links":{"self":[{"href":"http:\/\/www.sculpturejardin.com\/index.php\/wp-json\/wp\/v2\/pages\/192","targetHints":{"allow":["GET"]}}],"collection":[{"href":"http:\/\/www.sculpturejardin.com\/index.php\/wp-json\/wp\/v2\/pages"}],"about":[{"href":"http:\/\/www.sculpturejardin.com\/index.php\/wp-json\/wp\/v2\/types\/page"}],"author":[{"embeddable":true,"href":"http:\/\/www.sculpturejardin.com\/index.php\/wp-json\/wp\/v2\/users\/1"}],"replies":[{"embeddable":true,"href":"http:\/\/www.sculpturejardin.com\/index.php\/wp-json\/wp\/v2\/comments?post=192"}],"version-history":[{"count":4,"href":"http:\/\/www.sculpturejardin.com\/index.php\/wp-json\/wp\/v2\/pages\/192\/revisions"}],"predecessor-version":[{"id":199,"href":"http:\/\/www.sculpturejardin.com\/index.php\/wp-json\/wp\/v2\/pages\/192\/revisions\/199"}],"wp:attachment":[{"href":"http:\/\/www.sculpturejardin.com\/index.php\/wp-json\/wp\/v2\/media?parent=192"}],"curies":[{"name":"wp","href":"https:\/\/api.w.org\/{rel}","templated":true}]}}